 is the ten millions digit of 139785501?
3
What is the thousands digit of 593231456?
1
What is the tens digit of 8532484?
8
What is the millions digit of 935465572?
5
What is the millions digit of 237122165?
7
What is the ten millions digit of 14345198?
1
What is the thousands digit of 645992728?
2
What is the tens digit of 302766898?
9
What is the hundreds digit of 390528732?
7
What is the tens digit of 656378768?
6
What is the billions digit of 2192276392?
2
What is the ten millions digit of 126970502?
2
What is the hundred millions digit of 882446188?
8
What is the ten millions digit of 438421722?
3
What is the hundred thousands digit of 12091544?
0
What is the millions digit of 208594137?
8
What is the ten thousands digit of 33544026?
4
What is the tens digit of 162124342?
4
What is the units digit of 430606701?
1
What is the units digit of 133282488?
8
What is the ten millions digit of 253190550?
5
What is the hundreds digit of 7747991956?
9
What is the thousands digit of 5524942791?
2
What is the units digit of 1605660990?
0
What is the hundreds digit of 76800916?
9
What is the millions digit of 238647730?
8
What is the thousands digit of 1059883150?
3
What is the hundred thousands digit of 220985360?
9
What is the units digit of 4314310405?
5
What is the ten thousands digit of 64776073?
7
What is the ten millions digit of 819435279?
1
What is the units digit of 1781134976?
6
What is the units digit of 737488852?
2
What is the units digit of 14575527?
7
What is the ten thousands digit of 47878589?
7
What is the ten thousands digit of 35744206?
4
What is the ten thousands digit of 334460271?
6
What is the units digit of 179579061?
1
What is the thousands digit of 4737200633?
0
What is the ten millions digit of 3247196030?
4
What is the billions digit of 2480576769?
2
What is the thousands digit of 1307066626?
6
What is the hundred thousands digit of 89683122?
6
What is the tens digit of 20258071?
7
What is the tens digit of 555892?
9
What is the ten thousands digit of 150945979?
4
What is the hundreds digit of 91310404?
4
What is the hundred thousands digit of 7565785457?
7
What is the units digit of 7589427856?
6
What is the ten millions digit of 141231997?
4
What is the units digit of 1376187133?
3
What is the hundred thousands digit of 867072791?
0
What is the units digit of 258174095?
5
What is the ten millions digit of 30367424?
3
What is the ten thousands digit of 83542759?
4
What is the hundred thousands digit of 468051579?
0
What is the ten millions digit of 2014083520?
1
What is the hundred thousands digit of 78794263?
7
What is the millions digit of 1419903906?
9
What is the millions digit of 4107957552?
7
What is the units digit of 42308668?
8
What is the units digit of 209453574?
4
What is the tens digit of 298155367?
6
What is the ten millions digit of 63561619?
6
What is the tens digit of 542542631?
3
What is the ten thousands digit of 60104446?
0
What is the thousands digit of 36211323?
1
What is the ten millions digit of 300099756?
0
What is the tens digit of 1948659569?
6
What is the ten millions digit of 61937544?
6
What is the ten millions digit of 29594560?
2
What is the hundred thousands digit of 25461817?
4
What is the millions digit of 286211485?
6
What is the billions digit of 3314765548?
3
What is the ten thousands digit of 628405647?
0
What is the hundred thousands digit of 1012640831?
6
What is the millions digit of 9385490?
9
What is the millions digit of 528905637?
8
What is the hundred thousands digit of 251401268?
4
What is the ten thousands digit of 295486845?
8
What is the units digit of 165507030?
0
What is the ten thousands digit of 177516621?
1
What is the hundreds digit of 2632492977?
9
What is the hundred millions digit of 496063194?
4
What is the ten millions digit of 312165883?
1
What is the ten thousands digit of 56846428?
4
What is the thousands digit of 27481341?
1
What is the hundred thousands digit of 43721291?
7
What is the tens digit of 1382982679?
7
What is the hundred thousands digit of 6477272857?
2
What is the hundreds digit of 657023742?
7
What is the hundreds digit of 3860181059?
0
What is the millions digit of 1954159395?
4
What is the thousands digit of 137227909?
7
What is the hundreds digit of 1210796854?
8
What is the units digit of 90687304?
4
What is the ten thousands digit of 320979002?
7
What is the hundreds digit of 87911349?
3
What is the hundreds digit of 111468179?
1
What is the ten thousands digit of 136006023?
0
What is the hundred millions digit of 1149774269?
1
What is the millions digit of 62668563?
2
What is the ten millions digit of 136979545?
3
What is the millions digit of 20789287?
0
What is the ten millions digit of 3458501558?
5
What is the millions digit of 1098770651?
8
What is the ten thousands digit of 753156828?
5
What is the tens digit of 249278429?
2
What is the hundred thousands digit of 28631822?
6
What is the units digit of 216066831?
1
What is the ten millions digit of 73756620?
7
What is the hundreds digit of 12264523?
5
What is the ten thousands digit of 86433080?
3
What is the ten millions digit of 1335983028?
3
What is the hundreds digit of 126079359?
3
What is the tens digit of 868630783?
8
What is the millions digit of 26332707?
6
What is the tens digit of 644806357?
5
What is the hundred millions digit of 149023515?
1
What is the units digit of 1527674658?
8
What is the units digit of 28077784?
4
What is the tens digit of 3323439259?
5
What is the ten millions digit of 18597943?
1
What is the ten millions digit of 82350650?
8
What is the millions digit of 268413215?
8
What is the thousands digit of 35937517?
7
What is the ten thousands digit of 8185275?
8
What is the ten millions digit of 448713130?
4
What is the ten millions digit of 1500674166?
0
What is the hundred thousands digit of 23903529?
9
What is the units digit of 561104840?
0
What is the hundred thousands digit of 76080476?
0
What is the hundreds digit of 430299721?
7
What is the ten thousands digit of 61766143?
6
What is the hundred millions digit of 135123980?
1
What is the hundreds digit of 21321675?
6
What is the tens digit of 3519099763?
6
What is the hundred thousands digit of 227840376?
8
What is the hundreds digit of 317237542?
5
What is the hundred millions digit of 1258597182?
2
What is the ten millions digit of 2854467721?
5
What is the hundred millions digit of 288417893?
2
What is the tens digit of 309308993?
9
What is the hundred thousands digit of 82814343?
8
What is the units digit of 731331810?
0
What is the ten thousands digit of 22660192?
6
What is the tens digit of 121215201?
0
What is the millions digit of 1791719421?
1
What is the hundred thousands digit of 1885911710?
9
What is the tens digit of 248780759?
5
What is the ten millions digit of 17271943?
1
What is the millions digit of 154447412?
4
What is the units digit of 218854605?
5
What is the hundreds digit of 47122619?
6
What is the units digit of 201507393?
3
What is the thousands digit of 285138290?
8
What is the hundreds digit of 2001686923?
9
What is the units digit of 100975910?
0
What is the millions digit of 120739737?
0
What is the tens digit of 26577927?
2
What is the thousands digit of 11614739?
4
What is the tens digit of 3698676?
7
What is the billions digit of 4066059667?
4
What is the thousands digit of 856400534?
0
What is the ten millions digit of 1818974186?
1
What is the millions digit of 993251972?
3
What is the thousands digit of 362565929?
5
What is the millions digit of 547212396?
7
What is the tens digit of 2116526773?
7
What is the ten thousands digit of 2298363093?
6
What is the ten thousands digit of 394961857?
6
What is the ten millions digit of 214852275?
1
What is the units digit of 574440267?
7
What is the units digit of 61910337?
7
What is the tens digit of 25149165?
6
What is the hundred thousands digit of 3642417366?
4
What is the hundred thousands digit of 56270069?
2
What is the hundred millions digit of 617515413?
6
What is the ten millions digit of 148420679?
4
What is the hundred thousands digit of 724250891?
2
What is the millions digit of 13938163?
3
What is the hundreds digit of 1770481210?
2
What is the ten millions digit of 586072864?
8
What is the hundred m